{"id":3494,"date":"2024-02-20T21:52:33","date_gmt":"2024-02-20T21:52:33","guid":{"rendered":"https:\/\/www.casadeltoner.com.mx\/productos\/?post_type=product&#038;p=3494"},"modified":"2025-05-15T23:19:04","modified_gmt":"2025-05-15T23:19:04","slug":"sill0360351","status":"publish","type":"product","link":"https:\/\/www.casadeltoner.com.mx\/productos\/producto\/sill0360351\/","title":{"rendered":"SILL0360351"},"content":{"rendered":"<p><strong>SILLA SECRETARIAL JM-009 NEGRO<\/strong><\/p>\n<p>Silla secretarial cl\u00e1sica tapizada en tela pliana<\/p>\n<p>Cuenta con un alto respaldo y asiento tapizado con tela tipo &#8220;pliana&#8221;, unidos por un soporte flexible plastificado en la parte posterior, descansabrazos de estilo org\u00e1nico, as\u00ed como una base m\u00f3vil tipo estrella con variaci\u00f3n de altura gracias a su pist\u00f3n neum\u00e1tico, convirti\u00e9ndola en el elemento ideal para sumar a cualquier tipo de espacio una dosis perfecta de comodidad y buen dise\u00f1o.<\/p>\n","protected":false},"excerpt":{"rendered":"<p>SILLA SECRETARIAL JM-009 NEGRO Silla secretarial cl\u00e1sica tapizada en tela pliana Cuenta con un alto respaldo y asiento tapizado con tela tipo &#8220;pliana&#8221;, unidos por un soporte flexible plastificado en la parte posterior, descansabrazos de estilo org\u00e1nico, as\u00ed como una base m\u00f3vil tipo estrella con variaci\u00f3n de altura gracias a su pist\u00f3n neum\u00e1tico, convirti\u00e9ndola en [&hellip;]<\/p>\n","protected":false},"featured_media":3495,"template":"","meta":{"_regular_price":["2160"],"currency_symbol":[]},"product_brand":[],"product_cat":[56,58],"product_tag":[],"class_list":{"0":"post-3494","1":"product","2":"type-product","3":"status-publish","4":"has-post-thumbnail","6":"product_cat-muebles-oficina","7":"product_cat-sillas","9":"first","10":"instock","11":"sale","12":"shipping-taxable","13":"purchasable","14":"product-type-simple"},"post_slider_layout_featured_media_urls":{"thumbnail":["https:\/\/www.casadeltoner.com.mx\/productos\/wp-content\/uploads\/2024\/02\/SILLA-SECRETARIAL-JM-009-NEGRO-150x150.png",150,150,true],"post_slider_layout_landscape_large":["https:\/\/www.casadeltoner.com.mx\/productos\/wp-content\/uploads\/2024\/02\/SILLA-SECRETARIAL-JM-009-NEGRO.png",591,590,false],"post_slider_layout_portrait_large":["https:\/\/www.casadeltoner.com.mx\/productos\/wp-content\/uploads\/2024\/02\/SILLA-SECRETARIAL-JM-009-NEGRO.png",591,590,false],"post_slider_layout_square_large":["https:\/\/www.casadeltoner.com.mx\/productos\/wp-content\/uploads\/2024\/02\/SILLA-SECRETARIAL-JM-009-NEGRO.png",591,590,false],"post_slider_layout_landscape":["https:\/\/www.casadeltoner.com.mx\/productos\/wp-content\/uploads\/2024\/02\/SILLA-SECRETARIAL-JM-009-NEGRO-591x400.png",591,400,true],"post_slider_layout_portrait":["https:\/\/www.casadeltoner.com.mx\/productos\/wp-content\/uploads\/2024\/02\/SILLA-SECRETARIAL-JM-009-NEGRO.png",591,590,false],"post_slider_layout_square":["https:\/\/www.casadeltoner.com.mx\/productos\/wp-content\/uploads\/2024\/02\/SILLA-SECRETARIAL-JM-009-NEGRO.png",591,590,false],"full":["https:\/\/www.casadeltoner.com.mx\/productos\/wp-content\/uploads\/2024\/02\/SILLA-SECRETARIAL-JM-009-NEGRO.png",591,590,false]},"_links":{"self":[{"href":"https:\/\/www.casadeltoner.com.mx\/productos\/wp-json\/wp\/v2\/product\/3494","targetHints":{"allow":["GET"]}}],"collection":[{"href":"https:\/\/www.casadeltoner.com.mx\/productos\/wp-json\/wp\/v2\/product"}],"about":[{"href":"https:\/\/www.casadeltoner.com.mx\/productos\/wp-json\/wp\/v2\/types\/product"}],"wp:featuredmedia":[{"embeddable":true,"href":"https:\/\/www.casadeltoner.com.mx\/productos\/wp-json\/wp\/v2\/media\/3495"}],"wp:attachment":[{"href":"https:\/\/www.casadeltoner.com.mx\/productos\/wp-json\/wp\/v2\/media?parent=3494"}],"wp:term":[{"taxonomy":"product_brand","embeddable":true,"href":"https:\/\/www.casadeltoner.com.mx\/productos\/wp-json\/wp\/v2\/product_brand?post=3494"},{"taxonomy":"product_cat","embeddable":true,"href":"https:\/\/www.casadeltoner.com.mx\/productos\/wp-json\/wp\/v2\/product_cat?post=3494"},{"taxonomy":"product_tag","embeddable":true,"href":"https:\/\/www.casadeltoner.com.mx\/productos\/wp-json\/wp\/v2\/product_tag?post=3494"}],"curies":[{"name":"wp","href":"https:\/\/api.w.org\/{rel}","templated":true}]}}